g**3 - 2*g - 1. Suppose 0 = -5*y + 5 + 5. Let w be (y + -2 + -1)*1. What is c(w)?
8
Let p = -1 - 1. Let j be (-1)/p*6*1. Let t(q) = q**3 - q**2 - 5*q + 2. Determine t(j).
5
Let l(i) = -27*i**3 + 2*i - i**2 + 4 - 3*i + 28*i**3 + 0*i. Determine l(0).
4
Suppose -3*v + 6 - 24 = 0. Let l be ((-2)/5)/(v/30). Let c(f) = -1 - f + 4*f + 6 - l*f. What is c(5)?
10
Let j(m) = -2*m**2 + 4. Let n = -43 - -40. Determine j(n).
-14
Suppose -20 = -s + 3*u, -4*u - 2 - 33 = -3*s. Let z(y) be the third derivative of -y**5/60 + y**4/4 + y**3 + y**2. Calculate z(s).
11
Suppose 0 = r - 8 + 7. Let s be ((-1)/2)/((-1)/10). Let v(f) = 3*f - 2*f - s*f. Give v(r).
-4
Let a(n) = 8*n - n**3 + 6*n**2 + n**3 + n**3 + n**2 + 5. Calculate a(-6).
-7
Let b be (-13)/(-4) + -2 + 21/12. Let y(c) = -c**3 + c**2 + c + 15. Let p be y(0). Suppose -2*l = b*l + p. Let z(g) = g + 1. Calculate z(l).
-2
Let v be (-1 + 2)*-1 - -8. Let j(p) = -2*p + p**2 + v - 4*p - 3 - 2. Give j(5).
-3
Let o = -4 + 12. Let s(f) = -f + 8. Let p be s(o). Let y(z) = -z**3 - 1 + 2*z**2 + 4*z**2 + p - 6*z. What is y(5)?
-6
Let v(g) = -g + 1. Let k(m) = -4. Let x(r) = k(r) + 2*v(r). Give x(2).
-6
Let q = -7 - -7. Let r(u) = u**3 - u + 6. Let v be r(q). Let m(z) = -z**2 + 6*z - 2. Determine m(v).
-2
Let t(f) = -2*f**2 + 7*f - 2. Let v(d) = -d**2 + 3*d - 1. Let z(a) = -6*t(a) + 13*v(a). What is z(-2)?
1
Suppose 0 = -3*u - 0 - 6. Let n(b) be the first derivative of 1/3*b**3 - b**2 - 3 - 2*b. What is n(u)?
6
Let y(c) be the third derivative of -c**6/120 + c**5/60 + c**3/6 + c**2. Let z(v) = -v + 14. Let t be z(14). Determine y(t).
1
Let t(n) = -n**2 - 3*n + 3 + 7*n + 0*n. Give t(5).
-2
Let g(v) = -3*v + 2. Let x(d) = d. Let s(w) = -g(w) - 4*x(w). Let q(a) = -a - 1. Let t(z) = -7*q(z) + 6*s(z). Let n = 7 + -3. Calculate t(n).
-1
Suppose -4*k = -2*w - 8, -k - 24 = -4*k - 3*w. Suppose a - k*a = -9. Let g(r) = -5 - 2 - a*r + 0 + r**2. Give g(5).
3
Suppose 4*p - 5 - 13 = -2*g, 5*g - 24 = -3*p. Let m = 6 - 1. Suppose -p*a - 3 = 0, 0 = -m*o - a - 1. Let l(f) = -f**3 - f**2 + f. Determine l(o).
0
Let i = 10 - 6. Let m(u) = 6 + 2*u - 6*u + u + 0*u. What is m(i)?
-6
Let p(x) be the second derivative of -21*x**5/20 - x**4/12 + x**3/3 - x**2/2 - 4*x. Determine p(1).
-21
Let y(z) = z**2 + 7*z. Suppose 0 = x - 0*x + 3. Determine y(x).
-12
Let a(b) = -2*b + 5 - 2*b + 3*b. Suppose 2*k = t - 5*t - 2, -5*k - 5 = 3*t. Calculate a(t).
5
Let t(s) = -9 + 5*s - 3*s + 2 + 8. Calculate t(-5).
-9
Let n(p) = -p**2 - 5*p + 3. Let o be (11 - 3)/((-4)/2). What is n(o)?
7
Let x(t) = t + 7. Let v(f) = -f - 6. Let w(b) = -5*v(b) - 4*x(b). What is w(-2)?
0
Suppose 3*v - 2*v - 2 = 0. Let k be v + (-1 - -2) - 7. Let u(r) = r**2 + 4*r + 2. Give u(k).
2
Suppose -5*b - 9 = x - 4, 2*b + 5*x = -25. Let a(m) be the third derivative of 1/6*m**4 - 1/6*m**3 + 0*m + b + 2*m**2. What is a(-2)?
-9
Let q be ((5 + 0)*1)/1. Let z(o) = -3 + q*o + 1 - o - 5*o + o**2. Let n = 2 + -5. Give z(n).
10
Let p(k) be the second derivative of -k**3/6 - 6*k**2 + 3*k. Calculate p(-8).
-4
Let a(k) = -k**3 - 2*k + 4*k**3 - 2*k**3 + 1 - 9 + 9*k**2. Give a(-9).
10
Let k(v) = -2*v**3 - v**2 - 3*v - 3*v**3 + 2*v + 2 + 7*v**3. Determine k(2).
12
Let z(o) = o**3 + 8*o**2 + 2*o - 9. Let i(s) = -s**3 - 9*s**2 - 2*s + 10. Let t(k) = -4*i(k) - 5*z(k). What is t(-4)?
13
Let w = -107 + 106. Let j(n) = 7*n**3 + n**2. Calculate j(w).
-6
Let m(h) = h**2 - 6*h. Let x = -41 + 47. Determine m(x).
0
Let d(h) = 4*h**2 + h + 1. Suppose 0 = -5*v + 6*v + 1. What is d(v)?
4
Let s(z) be the first derivative of 5/3*z**3 + 1/2*z**2 - 1/4*z**4 - 4 - 3*z. Calculate s(5).
2
Let b be 3 + (3 - 3) - 2. Let x(v) = -v + 6 + b - 2. Give x(4).
1
Suppose 0 = -p - 5*p - 108. Let r = -17 - p. Let n(c) = 10*c**2 + 2*c - 1. Determine n(r).
11
Let x(z) be the second derivative of 3*z + 0 + 2/3*z**3 + 0*z**2 - 1/12*z**4. Let j be x(3). Let v(h) = h + 1. Determine v(j).
4
Suppose 0 = 2*r + 2*r + 24. Let s(u) = -4*u - 5 - u**2 + 0 - 3*u - 1. Give s(r).
0
Suppose 0 = -c + 4*f + 6, c + 3*f + f + 2 = 0. Let n(y) = -5*y**2 + 5*y**2 + 4*y**2 - y - 3*y**c. What is n(3)?
6
Let p be 1/(-5) - 44/(-20). Suppose p*s = 3*k + 16, 5*k + 4 = 2*s - 20. Let m(t) = -t**2. Let f(w) = 5*w**2 + 4*w - 3. Let z(q) = -f(q) - 4*m(q). Give z(s).
-9
Let y(j) = j + 4. Let s be y(-1). Let r = -1 + 7. Let g(q) = r - 4*q - q + 4*q. Give g(s).
3
Let z(m) = -m - 7. Let g be z(-5). Let v(w) = 2 - 12*w - 3*w**2 + 6*w**2 + 16*w. What is v(g)?
6
Let q(c) = -7*c + 1. Suppose -l = 3*l. Suppose -2*f - 3*h + 14 = l, 11 + 1 = 3*h. Give q(f).
-6
Let n be 1*-1*1/1. Let x be (-2 - -2)/(-4) - -3. Let p(s) = 7*s + x + 1 - 4. Determine p(n).
-7
Let f(q) = q**3 + 3*q**2 - 4*q + 5. Let s = -6 + 2. Determine f(s).
5
Let j(h) be the first derivative of h**4/12 - 2*h**3/3 - h**2/2 - h + 3. Let z(i) be the first derivative of j(i). Determine z(4).
-1
Let x(h) be the second derivative of -h**3/2 - 3*h**2/2 - 3*h. Let l be (-4)/(-22) - 240/110. What is x(l)?
3
Let r(w) be the third derivative of 0*w + 1/24*w**4 + 1/6*w**3 - 4*w**2 + 0. Calculate r(-3).
-2
Suppose 3*j = -3*m - 0*m, -3*m - 12 = 0. Let f(y) = y - 4. Give f(j).
0
Let m(n) = n**3 - 2*n**2 - 2*n - 2. Let z be m(4). Suppose -a - 4*o = -5 + z, -4*a = -3*o - 27. Let y(d) = 1 - 5*d**a + 0 - 2*d - 2. Determine y(-1).
6
Let b(h) = -2*h - 2*h**2 - h**2 - 2 + 7. Let f(i) = -10*i**2 - 6*i + 14. Let g(s) = -17*b(s) + 6*f(s). Give g(-1).
-8
Suppose 5*f - 15 = 130. Let z be (f + 1)/(6/(-4)). Let o be (-2)/(-10) + 4/z. Let a(y) = y + 11. Give a(o).
11
Let n be (-8)/12 + 89/3. Let w = n - 24. Let u(k) = -k**2 + 3*k + 5. Determine u(w).
-5
Let a(y) = -3*y - 1. Let t(j) = -8*j + 25. Let d be t(3). Calculate a(d).
-4
Suppose -3*t + o = 15 - 4, 3*o = 3*t + 21. Let q be t/2*(-3 + 2). Let v(s) be the second derivative of -s**4/12 + s**3/6 - s**2/2 - 4*s. What is v(q)?
-1
Let x be (-1)/(1/(6/(-3))). Let o(w) = 1 - 3*w - 1 - 14*w**2 + 15*w**2 + 2. Give o(x).
0
Let d(y) = -y**2 - 2*y - 1. Let h be 2*4/6*3. Let x = h - 7. Calculate d(x).
-4
Let i(k) = -3*k + 18. Let u(v) = v - 1. Let x(y) = i(y) + 4*u(y). Let h be x(-9). Let g(r) = r**2 - 4*r. Calculate g(h).
5
Let p be (-63)/(-35) + ((-42)/(-10) - 4). Let w(d) be the third derivative of d**4/12 + d**3/3 - d**2. What is w(p)?
6
Let b(m) be the second derivative of 11*m**4/12 - m**2/2 + 2*m - 1. Calculate b(-1).
10
Suppose 0 = -4*c + 11 - 3. Suppose 1 = -b + 4*k + 18, 2*k = -6. Suppose 0 = b*h - c + 7. Let a(o) = -3*o**3 - o. Give a(h).
4
Suppose -3*f + r + 1 = 0, 4*f - 4 = 3*r - 11. Let g(y) = f + 3 + 3*y - 3 + 4. What is g(-4)?
-6
Let f(i) = -i**2 + 5*i - 1. Let d(w) = w - 3. Let v be d(-3). Let p be 199/(-3) + (-2)/v. Let c be 6/21 - p/14. Determine f(c).
-1
Let m(h) = -h**2 - 8*h - 4. Let y(r) = r**3 - 5*r**2 + 3*r - 1. Let p be y(2). Give m(p).
3
Let a(h) = 6*h. Let o(y) = -5*y. Let u(s) = 6*a(s) + 7*o(s). Determine u(4).
4
Suppose 4*i - 7 - 9 = 0. Let j be (-1 - -5)/(5 - i). Let y(o) be the third derivative of o**4/24 + 2*o**2. Calculate y(j).
4
Let p be ((-3)/(-2))/((-33)/(-572)). Let g(c) = 15 - p + 4*c**2 - 2*c + 12 - 3*c**2. Determine g(2).
1
Let x(f) = -5*f - 7*f + 11*f - 11. What is x(-5)?
-6
Let n(j) = 4*j**2 - 6*j**2 + 0 - 1 + 0. Let l be n(-1). Let o(k) = k**2 + 3*k - 2. Calculate o(l).
-2
Let g(y) = y**3 + 4*y - 6*y**3 - 4*y**2 + 4*y**3. What is g(-5)?
5
Suppose -5*u + n = -11, 8*u - 4*u - n = 9. Let h(f) = -f - 4*f**3 + 10*f**u - 11*f**2 + f**3 + 1. Determine h(1).
-4
Let a(b) = -7*b**2 - 2*b - 1. Let h(y) = -y**3 + 5*y**2 - 2*y - 2. Let k be h(2). Let z = k - 7. Calculate a(z).
-6
Let y(t) = 1 + 4*t**2 + 2*t**2 - 5315*t**3 + 4*t + 5316*t**3. Give y(-5).
6
Let j(k) = -8*k**3 + k**2 - 1. Let h(b) = -b**2 - b. Let n(r) = -4*r**2 - r - 1. Let x(u) = -3*h(u) + n(u). Let z be x(2). Determine j(z).
8
Let o(l) be the third derivative of 1/6*l**3 - 1/12*l**4 + 1/12*l**5 + 0*l + 2*l**2 + 0. Determine o(1).
4
Let l(a) = -a**3 - 2*a**2 + 2*a - 2. Suppose 0 = -5*b - 2*g + 5*g + 40, -8 = -b - 4*g. Let i = 5 - b. Give l(i).
1
Let l be (1/3)/(2/30). Let t(v) = -l*v**2 + 3 + 0*v - 2*v + v**3 + 10*v**2 + 5*v. What is t(-3)?
12
Let d(f) = -f**3 - 3*f**2 + 2*f - 3. Suppose -9 = 3*v + 3. Determine d(v).
5
Let a(f) = -2*f**3 + 11*f**2 - f - 1. Let l(s) = -s**3 + 2*s**2. Let b(q) = -a(q) + 5*l(q). 